nder when 43426351 is divided by 509.
507
What is the remainder when 472551 is divided by 450?
51
What is the remainder when 402751171 is divided by 1516?
1515
What is the remainder when 20554 is divided by 556?
538
Calculate the remainder when 4942013 is divided by 61775.
13
What is the remainder when 3744475 is divided by 2177?
35
Calculate the remainder when 1307064 is divided by 623.
10
What is the remainder when 1463209 is divided by 1240?
9
Calculate the remainder when 1036901 is divided by 51843.
41
What is the remainder when 50712 is divided by 224?
88
What is the remainder when 34668 is divided by 1604?
984
Calculate the remainder when 11938773 is divided by 70.
63
What is the remainder when 5806208 is divided by 362883?
80
Calculate the remainder when 291037 is divided by 163.
82
What is the remainder when 143711130 is divided by 36?
30
What is the remainder when 722021 is divided by 721863?
158
What is the remainder when 1078535 is divided by 176?
7
What is the remainder when 15354437 is divided by 73819?
85
Calculate the remainder when 121236 is divided by 6308.
1384
Calculate the remainder when 2892524931 is divided by 26.
23
Calculate the remainder when 17777508 is divided by 145.
73
Calculate the remainder when 87173 is divided by 1238.
513
What is the remainder when 5083783 is divided by 78?
55
Calculate the remainder when 440954 is divided by 219682.
1590
What is the remainder when 974873 is divided by 180?
173
Calculate the remainder when 6237476 is divided by 1252.
12
What is the remainder when 3323648 is divided by 17?
12
Calculate the remainder when 2287226 is divided by 56.
18
Calculate the remainder when 10547455 is divided by 42.
37
Calculate the remainder when 517750013 is divided by 128.
125
What is the remainder when 18591503 is divided by 2705?
38
Calculate the remainder when 126570459 is divided by 3370.
3369
Calculate the remainder when 1951806 is divided by 444.
426
Calculate the remainder when 40039683 is divided by 8373.
8370
Calculate the remainder when 8027878 is divided by 10591.
10491
Calculate the remainder when 203309 is divided by 2717.
2251
What is the remainder when 36961966 is divided by 18480972?
22
What is the remainder when 71844 is divided by 23830?
354
Calculate the remainder when 325774 is divided by 162772.
230
Calculate the remainder when 47850 is divided by 540.
330
Calculate the remainder when 49021 is divided by 3776.
3709
Calculate the remainder when 2884765 is divided by 1629.
1435
What is the remainder when 239251 is divided by 47843?
36
What is the remainder when 18044166 is divided by 34?
26
Calculate the remainder when 10862417 is divided by 886.
57
Calculate the remainder when 177720515 is divided by 2059.
2048
Calculate the remainder when 7499 is divided by 612.
155
What is the remainder when 7425448 is divided by 296?
288
Calculate the remainder when 186269 is divided by 156.
5
What is the remainder when 177071 is divided by 58405?
1856
Calculate the remainder when 8590073 is divided by 6045.
128
Calculate the remainder when 2262054 is divided by 284.
278
Calculate the remainder when 615884 is divided by 329.
325
What is the remainder when 315204 is divided by 7324?
272
What is the remainder when 405161 is divided by 295?
126
Calculate the remainder when 166431667 is divided by 1892.
1887
Calculate the remainder when 6715481 is divided by 163791.
50
Calculate the remainder when 173204 is divided by 57382.
1058
Calculate the remainder when 1145198 is divided by 2056.
6
What is the remainder when 3872066 is divided by 57?
56
What is the remainder when 31602 is divided by 2120?
1922
Calculate the remainder when 49356683 is divided by 94.
9
Calculate the remainder when 396895783 is divided by 15.
13
Calculate the remainder when 825086 is divided by 137379.
812
What is the remainder when 34661679 is divided by 3498?
3495
Calculate the remainder when 15289409 is divided by 5.
4
What is the remainder when 1581854 is divided by 1291?
379
What is the remainder when 347880 is divided by 4531?
3524
Calculate the remainder when 10033901 is divided by 5016907.
87
What is the remainder when 729821 is divided by 265?
11
Calculate the remainder when 819767 is divided by 409876.
15
What is the remainder when 3722998 is divided by 416?
214
Calculate the remainder when 1265518 is divided by 90394.
2
Calculate the remainder when 1616152 is divided by 11.
10
Calculate the remainder when 841599 is divided by 107.
44
Calculate the remainder when 5519568 is divided by 526.
250
What is the remainder when 58988582 is divided by 193405?
57
Calculate the remainder when 25026799 is divided by 622.
7
Calculate the remainder when 45291996 is divided by 2080.
2076
Calculate the remainder when 245580 is divided by 12236.
860
Calculate the remainder when 113788 is divided by 1069.
474
What is the remainder when 610969 is divided by 305229?
511
Calculate the remainder when 636883 is divided by 314.
91
What is the remainder when 12058380 is divided by 222?
6
What is the remainder when 32367476 is divided by 655?
651
Calculate the remainder when 67286 is divided by 20478.
5852
Calculate the remainder when 6256034 is divided by 366.
362
What is the remainder when 16858117 is divided by 256?
5
What is the remainder when 375817 is divided by 125271?
4
What is the remainder when 1246685 is divided by 72?
5
Calculate the remainder when 680160 is divided by 2435.
795
What is the remainder when 86383 is divided by 42384?
1615
What is the remainder when 6171127 is divided by 584?
583
Calculate the remainder when 133507060 is divided by 44502349.
13
Calculate the remainder when 8111 is divided by 1979.
195
Calculate the remainder when 43197 is divided by 21030.
1137
Calculate the remainder when 3898750 is divided by 52.
50
What is the remainder when 376974 is divided by 271?
13
What is the remainder when 4231108 is divided by 175?
133
Calculate the remainder when 7758783 is divided by 36.
27
What is the remainder when 132549211 is divided by 14?
11
Calculate the remainder when 1981469 is divided by 1221.
1007
Calculate the remainder when 9747613 is divided by 2317.
2311
What is the remainder when 1401066 is divided by 202?
196
Calculate the remainder when 7803601 is divided by 76.
73
Calculate the remainder when 11354099 is divided by 268.
11
What is the remainder when 339871 is divided by 3206?
35
What is the remainder when 49079736 is divided by 1061?
1059
Calculate the remainder when 144149647 is divided by 79.
6
Calculate the remainder when 450160 is divided by 90029.
15
Calculate the remainder when 1226817 is divided by 1791.
1773
What is the remainder when 55884 is divided by 18606?
66
What is the remainder when 36782024 is divided by 573?
8
What is the remainder when 532687 is divided by 265141?
2405
What is the remainder when 65240252 is divided by 169?
168
Calculate the remainder when 43446475 is divided by 616.
611
What is the remainder when 204599 is divided by 203829?
770
What is the remainder when 438435 is divided by 266?
67
Calculate the remainder when 19670 is divided by 122.
28
Calculate the remainder when 769653 is divided by 59.
57
Calculate the remainder when 2663876 is divided by 11582.
16
Calculate the remainder when 2527580 is divided by 395.
370
Calculate the remainder when 48440 is divided by 845.
275
Calculate the remainder when 16193400 is divided by 65.
15
Calculate the remainder when 17887258 is divided by 1748.
1722
What is the remainder when 101516 is divided by 14482?
142
What is the remainder when 2909950 is divided by 698?
686
Calculate the remainder when 96760568 is divided by 4767.
2
What is the remainder when 4180481 is divided by 603?
485
What is the remainder when 10928344 is divided by 710?
24
What is the remainder when 6086442 is divided by 3335?
67
Calculate the remainder when 141909 is divided by 47286.
51
Calculate the remainder when 28726547 is divided by 14363265.
17
What is the remainder when 97195 is divided by 96845?
350
Calculate the remainder when 2037669 is divided by 61744.
117
Calculate the remainder when 79187 is divided by 1652.
1543
Calculate the remainder when 32676 is divided by 6280.
1276
What is the remainder when 389709 is divided by 5995?
34
Calculate the rema